) = o + 15. Let l be z(-13). Suppose -l*k + 66 = 288. Is k*(32/(-12) - -1) composite?
True
Let p(y) = 489*y + 1. Let l be p(1). Let b = 861 - l. Is b composite?
True
Let l(d) = 4*d**2 + 5*d + 1. Let t be l(-10). Suppose -4*i = -t - 29. Is i prime?
False
Let h(o) be the third derivative of 17*o**5/60 - o**4/12 - 12*o**2. Let y be h(-3). Suppose 0 = -7*z + 10*z - y. Is z a composite number?
False
Let s = -11 + 3. Let d(k) = -k**3 - 4*k**2 + 14*k + 19. Is d(s) a composite number?
False
Let h(c) = 2*c**2 - 15*c + 8. Let y be h(13). Suppose -n + 2*n = y. Let m = n + -12. Is m prime?
True
Let d(r) = 5*r**2 + 20*r - 82. Is d(7) a prime number?
False
Let i(y) = y. Let g be i(-7). Is (-53)/(1/g + 0) a composite number?
True
Is (154/(-14))/(-22)*(0 - -12242) composite?
False
Let q = -4521 - -6368. Is q composite?
False
Let d be (-2)/(9/2 - 5). Suppose -2952 = -d*h + 4*o, -4*h + 3*o + 3688 = h. Is h composite?
True
Suppose -3*b + t - 4*t = 0, -36 = -4*b + 5*t. Suppose 7*u + b = 9*u. Let a(f) = 2*f - 1. Is a(u) prime?
True
Let q(o) = -128*o - 67. Is q(-6) a composite number?
False
Suppose -5*c - 5*p - 2676 = -13521, 4*c + p = 8670. Is c a composite number?
True
Let k = 78 - 75. Suppose 0 = w + 4*b - 1109, b - 4481 = -k*w - w. Is w composite?
True
Let k(g) = 6*g**2 + 7*g + 20. Let c be k(-10). Let z = c - -461. Is z a prime number?
False
Let t = 221 - 1095. Let j = 1431 + t. Is j prime?
True
Let i = 288 + 8859. Is i prime?
False
Let d(j) = -42*j**3 + 8*j**2 - 3*j + 17. Is d(-5) a prime number?
False
Let b(k) = -k**3 + 16*k**2 + 11*k + 21. Let g(z) = -z**3 + 15*z**2 + 12*z + 20. Let n(t) = 3*b(t) - 4*g(t). Is n(16) composite?
True
Is ((-1 - 2) + 3254)/1*1 composite?
False
Let d(u) = u**2 + 118 - 141*u + 31 + 139*u. Is d(0) a composite number?
False
Suppose l + 3*l + 5*a - 71892 = 0, -2*l - a + 35940 = 0. Suppose -26938 = -3*z - n, 0 = -3*z + z + 4*n + l. Is (6/(-15))/((-8)/z) prime?
True
Let q(y) = -y**2 - 12*y + 12. Let t be q(-16). Is 13536/10 - (t/(-20) - 3) a prime number?
False
Let t = 13 + -14. Let h = -9 - t. Is 1140/h*2/(-3) composite?
True
Is 5059/((-8)/(-16)*2) a prime number?
True
Suppose 6*o = 5*o + 3*m + 36922, -5*o + 184580 = -5*m. Is o a composite number?
False
Suppose -5 = 5*l, -x + 9736 = -2*l - 3*l. Suppose 2896 + x = 9*k. Is k composite?
True
Suppose -93*f + 91*f + 2798 = 0. Is f a composite number?
False
Let n(t) = -283*t**2 - t. Let i be 2/(5 + -3) + 0. Let b be n(i). Is 3 - b - (-2 + 2) prime?
False
Suppose -46*c + 110982 = -1282312. Is c prime?
False
Let i = -603 + 2894. Is i composite?
True
Let r(z) = z**2 + 11*z + 10. Let a be r(-11). Let g(k) = 20*k - 22. Is g(a) a composite number?
True
Let a be (1/3)/((-4)/(-13380)). Is (-2)/(3343/a - 3) prime?
False
Suppose -3*s + 11 = -5*v, -2*s - v + 5 = 2. Is 1*s*((-65)/(-10) - -9) prime?
True
Let l = 15 - 7. Let g be l + -3 + -1 + 2. Is (70/(-21))/(g/(-711)) composite?
True
Suppose -5*j + u = -3*u - 2683, 0 = -j + 5*u + 524. Let z be (0 - -2) + j/1. Suppose 3*l + 2*b = z, -2*l + 3*b = -0*b - 339. Is l prime?
False
Let s be (-1948)/(-2) - (1 - 3). Suppose -2*v = 2*v + s. Is v/(-2) - (1 + -1) prime?
False
Let p = 23 - -24. Suppose 0 = -3*k - 5*l + p, -2*l = -k + 3*l + 9. Suppose 4*o - 38 = k. Is o composite?
False
Let g(d) = -2*d**2 - 2*d**3 + 0 - 2*d + 0*d**2 + 3*d**3 + 2. Is g(5) a prime number?
True
Is (-124)/(-186)*21837/2 a composite number?
True
Let k(r) = 1375*r**2 - 14*r + 15. Is k(4) a prime number?
False
Suppose 5*q + 18 = -g, -5*q = -7*g + 5*g + 39. Suppose -4*z = -g*z. Suppose 5*d + 3*w = 260, 2*d - w - 79 - 36 = z. Is d a composite number?
True
Let p be ((-72)/48)/((-1)/2). Is 5*(1020/9 - 3)*p prime?
False
Suppose -69*w - 5 = -64*w. Is (6/24)/(w/(-1436)) prime?
True
Let c(a) = 4*a**2 + 4*a + 7. Suppose -m = 4*m - 75. Is c(m) prime?
True
Let q(i) be the first derivative of i**4/2 - i**3 + 7*i**2/2 - 3*i + 6. Let n be q(5). Suppose 291 = 4*p + 2*j - j, 3*p - n = -3*j. Is p a prime number?
False
Let n(t) = 147*t + 16. Let a be n(12). Suppose 2*m - a + 2 = 0. Is m a composite number?
True
Let k = 314259 - 219852. Is k prime?
False
Let g(x) = -x**3 + 8*x**2 - 7*x + 3. Let y be g(7). Suppose -5*p + n = y*n, 4*n + 24 = 2*p. Is 1*44 + p/(-2) composite?
False
Is 1 + 5/(-3) + 211701/153 a composite number?
True
Let d be 28/(-20) + 1 + 125673/(-5). Is 1/(d/6285 + 4) composite?
True
Let r(v) = 115*v - 1. Suppose -3*i - 2*g - 3 = -0*i, 0 = -2*i - 2*g. Let p be r(i). Is 2/(-3) + p/(-6) composite?
True
Suppose -11262 = -h + 6*z + 4607, -5*z = h - 15891. Is h a prime number?
True
Let f(r) = -25*r**3 - 2*r**2 - r + 1. Let k(d) = -24*d**3 - d**2 - d + 1. Let h(j) = -3*f(j) + 4*k(j). Is h(-2) prime?
True
Let n(i) = -657*i + 110. Is n(-21) composite?
False
Let y(k) = -20*k - 6. Let m be y(3). Let p = m + 172. Is p prime?
False
Let x be (781/(-3))/((-4)/120). Is (-4)/(-18) - x/(-90) a composite number?
True
Let a be (-6)/4*14/(-7). Suppose a*t - 2*t = -489. Is 1/(1*(-3)/t) composite?
False
Suppose -p - 3 = -7, 11955 = f - 3*p. Is f prime?
False
Let a(i) = -15*i + 3. Let k be a(-10). Let f = 280 - k. Suppose 3*p - f = 2*p. Is p composite?
False
Let c(k) = 20*k**3 - 4*k**2 - 14*k + 13. Is c(9) prime?
True
Is (19/5 - 3)/(6/51195) prime?
False
Suppose j = 5*j - 140. Suppose -38*y = -j*y - 861. Let n = 402 - y. Is n composite?
True
Suppose -2*b - 2*w + 2926 = 0, -2*b + b - 5*w + 1451 = 0. Suppose -5*o = -b - 2089. Suppose -5*a + 710 = 5*z - 10*a, 4*a + o = 5*z. Is z a composite number?
True
Let h(q) = q + 3. Let d be h(3). Suppose w = -2*w - d. Is w/(-3) + 38/6 a prime number?
True
Let s(u) = u - 1. Let h(o) = -20*o + 21. Let l(f) = h(f) - s(f). Is l(-15) composite?
False
Suppose -4*x - 10 - 5 = i, -75 = 5*i + 4*x. Is (-5 - -10)*(-3009)/i prime?
False
Let d be (1/(-2))/((-10)/(-8520)). Let i = d - -629. Is i prime?
False
Suppose m - 2*v - 358 = -3*v, -349 = -m + 2*v. Is m composite?
True
Let r(m) = 799*m**2 + 1. Let a be r(1). Let t = -467 + a. Suppose o = -2*o + t. Is o a composite number?
True
Suppose t = -5*v + 378, -3*v + 437 = 5*t - 1387. Let q = t - 62. Is q a prime number?
False
Let b(o) = o**2 - 37*o - 37. Is b(-27) composite?
True
Let u(p) be the second derivative of p**6/120 + p**5/120 + 11*p**4/24 + 7*p**3/6 - 2*p. Let l(c) be the second derivative of u(c). Is l(8) composite?
False
Let r = 8920 - 4779. Is r composite?
True
Suppose -4*w + 36 = -4*h, 4*w = 2*w - 2*h - 2. Let i be 2/w*0/1. Suppose i*k = -3*k + 1227. Is k prime?
True
Is 3/(-9) + 90112/12 composite?
True
Let l(m) = -m + 400. Let h be l(0). Let t be (-18)/4*h/(-6). Suppose -3*x + t = -171. Is x prime?
True
Let f = -4 + 8. Suppose -5*w + 1593 = 3*d + 119, f*d = 12. Is w prime?
True
Suppose -46 = -5*v + 49. Let m = -4 + v. Is ((-178)/(-3))/(5/m) a composite number?
True
Let h be 2/(-2)*(-1 + -2). Let d(f) = 7*f**3 - 3*f**2 + 2. Let v(c) = -7*c**3 + 3*c**2 + c - 1. Let q(l) = h*d(l) + 4*v(l). Is q(-2) a prime number?
False
Let p = -7261 - -20658. Is p a composite number?
False
Suppose 2*h + 11 = 5*q + 4*h, 3*h = 9. Is (1/4)/(q/1268) composite?
False
Suppose 10 = a - 90. Suppose k - a = -k. Suppose 3*y = 227 - k. Is y a composite number?
False
Let m(f) = 197*f**2 + 5*f - 17. Is m(4) composite?
True
Is (-2 + 48/18)/((-2)/(-22911)) a prime number?
False
Let v be 2*(-3 - (-47)/(-2)). Let y = 74 - v. Is y a composite number?
False
Let h = 43 - 39. Suppose 4*f + h*t - 204 = 0, 2*f - 2*t - 58 = 24. Is f a prime number?
False
Suppose 10*b + 10*b = 0. Suppose 0*x - 140 = -4*x - 4*u, b = 3*x - u - 105. Is x prime?
False
Suppose 195445 = 5*v - 0*v. Is v prime?
True
Suppose 0 = -4*a - 2*y + 35787 + 69213, -a + 26259 = 5*y. Is a a composite number?
False
Let i = -16 - -18. Suppose -4*j = -z - 810, 0*z = i*z - 4*j + 1636. Is (z/(-6))/(6/18) a prime number?
False
Let a be (-7)/((-7)/(-8)) - -3. Let b(q) = -107*q + 2. Is b(a) composite?
True
Suppose 720*l - 713*l = 36253. Is l a prime number?
True
Let p(i) = -10*i - 89. Suppose -58 = 8*k + 166. Is p(k) composite?
False
Is 2/(-4)*4083*16/(-24) composite?
False
Let w be (-4 - 36/(-8))*16. Let z(o) = -o**3 + 9*o**2 - 5*o - 3. Is z(w) composite?
True
Is 2*14624/4 + (-1 - -2) prime?
False
Suppose 2*d - 29 = -3*k, 4*d + k - 66 = -13. Let s(c) = -c**3 + 12*c**2 + 10*c + 19. Let z be s(d). Is 410/((-8)/z*5